{"id":805,"date":"2024-10-01T09:56:20","date_gmt":"2024-10-01T09:56:20","guid":{"rendered":"https:\/\/xn--hrningborgerforening-bcc.dk\/?page_id=805"},"modified":"2025-11-11T09:28:19","modified_gmt":"2025-11-11T09:28:19","slug":"seniorsammenkomster","status":"publish","type":"page","link":"https:\/\/xn--hrningborgerforening-bcc.dk\/index.php\/seniorsammenkomster\/","title":{"rendered":"Seniorsammenkomster"},"content":{"rendered":"\n<h4 class=\"wp-block-heading\">P\u00e5 Pr\u00e6stehaven<\/h4>\n\n\n\n<figure class=\"wp-block-image size-large\"><img loading=\"lazy\" decoding=\"async\" width=\"1024\" height=\"288\" src=\"http:\/\/xn--hrningborgerforening-bcc.dk\/wp-content\/uploads\/2024\/08\/Praestehaven-1024x288.jpg\" alt=\"\" class=\"wp-image-568\" srcset=\"https:\/\/xn--hrningborgerforening-bcc.dk\/wp-content\/uploads\/2024\/08\/Praestehaven-1024x288.jpg 1024w, https:\/\/xn--hrningborgerforening-bcc.dk\/wp-content\/uploads\/2024\/08\/Praestehaven-300x84.jpg 300w, https:\/\/xn--hrningborgerforening-bcc.dk\/wp-content\/uploads\/2024\/08\/Praestehaven-768x216.jpg 768w, https:\/\/xn--hrningborgerforening-bcc.dk\/wp-content\/uploads\/2024\/08\/Praestehaven-1536x431.jpg 1536w, https:\/\/xn--hrningborgerforening-bcc.dk\/wp-content\/uploads\/2024\/08\/Praestehaven.jpg 1560w\" sizes=\"auto, (max-width: 1024px) 100vw, 1024px\" \/><\/figure>\n\n\n\n<p><strong>H\u00f8rning Borgerforening arrangerer hvert \u00e5r i samarbejde med andre foreninger en f\u00e6llesfest omkring \u00e5rsskiftet for H\u00f8rnings \u00e6ldre borgere. Lokalcentret Pr\u00e6stehaven l\u00e6gger lokaler til og frivillige hj\u00e6lper med serveringen.<\/strong><\/p>\n\n\n\n<p>Lokalcenter Pr\u00e6stehaven er et af i alt 5 lokalcentre, som er i<br>Skanderborg kommune.<br>Beliggende midt i H\u00f8rning by &#8211; som er p\u00e5 cirka 9.000 indbyggere.<br>Plejecentret blev bygget i 1976 og renoveret i 2005-06 og<br>udg\u00f8r nu 63 \u00e6ldreboliger fordelt i forskellige afdelinger.<br>Det h\u00f8je hus udg\u00f8r 3 etager med hver 10 boliger.<\/p>\n\n\n\n<div style=\"height:41px\" aria-hidden=\"true\" class=\"wp-block-spacer\"><\/div>\n\n\n\n<h4 class=\"wp-block-heading\">I Borgernes Hus<\/h4>\n\n\n\n<figure class=\"wp-block-image size-full\"><img loading=\"lazy\" decoding=\"async\" width=\"1024\" height=\"443\" src=\"http:\/\/xn--hrningborgerforening-bcc.dk\/wp-content\/uploads\/2024\/08\/Borgernes-Hus-1024x443-1.jpg\" alt=\"\" class=\"wp-image-567\" srcset=\"https:\/\/xn--hrningborgerforening-bcc.dk\/wp-content\/uploads\/2024\/08\/Borgernes-Hus-1024x443-1.jpg 1024w, https:\/\/xn--hrningborgerforening-bcc.dk\/wp-content\/uploads\/2024\/08\/Borgernes-Hus-1024x443-1-300x130.jpg 300w, https:\/\/xn--hrningborgerforening-bcc.dk\/wp-content\/uploads\/2024\/08\/Borgernes-Hus-1024x443-1-768x332.jpg 768w\" sizes=\"auto, (max-width: 1024px) 100vw, 1024px\" \/><\/figure>\n\n\n\n<p><strong>I Borgernes Hus arrangerer H\u00f8rning Borgerforening i samarbejde med andre foreninger en f\u00e6llesfest for alle H\u00f8rnings \u00e6ldre omkring \u00e5rsskiftet.<\/strong><\/p>\n\n\n\n<p>Borgernes Hus er stedet, hvor man m\u00f8des til motion, socialt samv\u00e6r og hyggelige m\u00f8der. Det kan v\u00e6re i hallen, multisalen, cafeteriet, festsalen eller p\u00e5 fodboldbanerne.<\/p>\n\n\n\n<div style=\"height:42px\" aria-hidden=\"true\" class=\"wp-block-spacer\"><\/div>\n\n\n\n<p>Borgernes Hus kan bookes p\u00e5 Fritidsportalen Skanderborg.<\/p>\n\n\n\n<div style=\"height:19px\" aria-hidden=\"true\" class=\"wp-block-spacer\"><\/div>\n","protected":false},"excerpt":{"rendered":"<p>P\u00e5 Pr\u00e6stehaven H\u00f8rning Borgerforening arrangerer hvert \u00e5r i samarbejde med andre foreninger en f\u00e6llesfest omkring \u00e5rsskiftet for H\u00f8rnings \u00e6ldre borgere. Lokalcentret Pr\u00e6stehaven l\u00e6gger lokaler til og frivillige hj\u00e6lper med serveringen. Lokalcenter Pr\u00e6stehaven er et af i alt 5 lokalcentre, som er iSkanderborg kommune.Beliggende midt i H\u00f8rning by &#8211; som er p\u00e5 cirka 9.000 indbyggere.Plejecentret blev [&hellip;]<\/p>\n","protected":false},"author":1,"featured_media":0,"parent":0,"menu_order":0,"comment_status":"closed","ping_status":"closed","template":"","meta":{"_monsterinsights_skip_tracking":false,"_monsterinsights_sitenote_active":false,"_monsterinsights_sitenote_note":"","_monsterinsights_sitenote_category":0,"footnotes":""},"class_list":["post-805","page","type-page","status-publish","hentry"],"aioseo_notices":[],"_links":{"self":[{"href":"https:\/\/xn--hrningborgerforening-bcc.dk\/index.php\/wp-json\/wp\/v2\/pages\/805","targetHints":{"allow":["GET"]}}],"collection":[{"href":"https:\/\/xn--hrningborgerforening-bcc.dk\/index.php\/wp-json\/wp\/v2\/pages"}],"about":[{"href":"https:\/\/xn--hrningborgerforening-bcc.dk\/index.php\/wp-json\/wp\/v2\/types\/page"}],"author":[{"embeddable":true,"href":"https:\/\/xn--hrningborgerforening-bcc.dk\/index.php\/wp-json\/wp\/v2\/users\/1"}],"replies":[{"embeddable":true,"href":"https:\/\/xn--hrningborgerforening-bcc.dk\/index.php\/wp-json\/wp\/v2\/comments?post=805"}],"version-history":[{"count":10,"href":"https:\/\/xn--hrningborgerforening-bcc.dk\/index.php\/wp-json\/wp\/v2\/pages\/805\/revisions"}],"predecessor-version":[{"id":1102,"href":"https:\/\/xn--hrningborgerforening-bcc.dk\/index.php\/wp-json\/wp\/v2\/pages\/805\/revisions\/1102"}],"wp:attachment":[{"href":"https:\/\/xn--hrningborgerforening-bcc.dk\/index.php\/wp-json\/wp\/v2\/media?parent=805"}],"curies":[{"name":"wp","href":"https:\/\/api.w.org\/{rel}","templated":true}]}}