{"id":42,"date":"2024-06-24T15:22:25","date_gmt":"2024-06-24T15:22:25","guid":{"rendered":"http:\/\/xn--hrningborgerforening-bcc.dk\/?page_id=42"},"modified":"2026-04-24T13:05:01","modified_gmt":"2026-04-24T13:05:01","slug":"kontingent-medlem","status":"publish","type":"page","link":"https:\/\/xn--hrningborgerforening-bcc.dk\/index.php\/kontingent-medlem\/","title":{"rendered":"KONTINGENT"},"content":{"rendered":"\n<figure class=\"wp-block-image size-full\"><img loading=\"lazy\" decoding=\"async\" width=\"464\" height=\"127\" src=\"http:\/\/xn--hrningborgerforening-bcc.dk\/wp-content\/uploads\/2024\/10\/Kontingent.jpg\" alt=\"\" class=\"wp-image-793\" srcset=\"https:\/\/xn--hrningborgerforening-bcc.dk\/wp-content\/uploads\/2024\/10\/Kontingent.jpg 464w, https:\/\/xn--hrningborgerforening-bcc.dk\/wp-content\/uploads\/2024\/10\/Kontingent-300x82.jpg 300w\" sizes=\"auto, (max-width: 464px) 100vw, 464px\" \/><\/figure>\n\n\n\n<div style=\"height:32px\" aria-hidden=\"true\" class=\"wp-block-spacer\"><\/div>\n\n\n\n<p>Medlemskab af <strong>H\u00f8rning Borgerforening <\/strong>er fortsat meget billig. \u00c5rskontigentet har i flere \u00e5r v\u00e6ret <strong>75 kr<\/strong>. pr. husstand, og det vil ogs\u00e5 v\u00e6re kontingentet for s\u00e6sonen 2026.<\/p>\n\n\n\n<p>Betaling kan ske direkte til kasserer Gert Johansen eller ved bankoverf\u00f8rsel til H\u00f8rning Borgerforenings konto i<\/p>\n\n\n\n<p><strong>Middelfart Sparekasse<\/strong>, <strong>konto nr. 0755 &#8211; 3231304109<\/strong>.<\/p>\n\n\n\n<p>Husk at skrive indbetalers <u>navn og adresse<\/u> p\u00e5. <\/p>\n\n\n\n<p>Evt.. ogs\u00e5 medlemsnummer.<\/p>\n\n\n\n<div style=\"height:41px\" aria-hidden=\"true\" class=\"wp-block-spacer\"><\/div>\n\n\n\n<figure class=\"wp-block-image size-full is-resized\"><img loading=\"lazy\" decoding=\"async\" width=\"979\" height=\"294\" src=\"http:\/\/xn--hrningborgerforening-bcc.dk\/wp-content\/uploads\/2024\/06\/image.png\" alt=\"\" class=\"wp-image-104\" style=\"width:490px;height:auto\" srcset=\"https:\/\/xn--hrningborgerforening-bcc.dk\/wp-content\/uploads\/2024\/06\/image.png 979w, https:\/\/xn--hrningborgerforening-bcc.dk\/wp-content\/uploads\/2024\/06\/image-300x90.png 300w, https:\/\/xn--hrningborgerforening-bcc.dk\/wp-content\/uploads\/2024\/06\/image-768x231.png 768w\" sizes=\"auto, (max-width: 979px) 100vw, 979px\" \/><\/figure>\n\n\n\n<p>Der er rigeligt med penge her &#8230;&#8230;&#8230; Det var kun 75 kr., og de d\u00e6kker alle husstandens personer.<\/p>\n\n\n\n<div style=\"height:32px\" aria-hidden=\"true\" class=\"wp-block-spacer\"><\/div>\n\n\n\n<p>Hvis du \u00f8nsker at <strong>blive medlem af H\u00f8rning Borgerforening<\/strong>, skal du henvende dig til kasserer <a href=\"mailto:gertjohansen@hostmail.dk\">Gert Johansen<\/a> (evt. formand <a href=\"Mailto:bi-avler@mail.tele.dk\" title=\"mailto:bi-avler@mail.tele.dk\">Flemming Pedersen<\/a>.)<\/p>\n\n\n\n<p><\/p>\n","protected":false},"excerpt":{"rendered":"<p>Medlemskab af H\u00f8rning Borgerforening er fortsat meget billig. \u00c5rskontigentet har i flere \u00e5r v\u00e6ret 75 kr. pr. husstand, og det vil ogs\u00e5 v\u00e6re kontingentet for s\u00e6sonen 2026. Betaling kan ske direkte til kasserer Gert Johansen eller ved bankoverf\u00f8rsel til H\u00f8rning Borgerforenings konto i Middelfart Sparekasse, konto nr. 0755 &#8211; 3231304109. Husk at skrive indbetalers navn [&hellip;]<\/p>\n","protected":false},"author":1,"featured_media":0,"parent":0,"menu_order":0,"comment_status":"closed","ping_status":"closed","template":"","meta":{"_monsterinsights_skip_tracking":false,"_monsterinsights_sitenote_active":false,"_monsterinsights_sitenote_note":"","_monsterinsights_sitenote_category":0,"footnotes":""},"class_list":["post-42","page","type-page","status-publish","hentry"],"aioseo_notices":[],"_links":{"self":[{"href":"https:\/\/xn--hrningborgerforening-bcc.dk\/index.php\/wp-json\/wp\/v2\/pages\/42","targetHints":{"allow":["GET"]}}],"collection":[{"href":"https:\/\/xn--hrningborgerforening-bcc.dk\/index.php\/wp-json\/wp\/v2\/pages"}],"about":[{"href":"https:\/\/xn--hrningborgerforening-bcc.dk\/index.php\/wp-json\/wp\/v2\/types\/page"}],"author":[{"embeddable":true,"href":"https:\/\/xn--hrningborgerforening-bcc.dk\/index.php\/wp-json\/wp\/v2\/users\/1"}],"replies":[{"embeddable":true,"href":"https:\/\/xn--hrningborgerforening-bcc.dk\/index.php\/wp-json\/wp\/v2\/comments?post=42"}],"version-history":[{"count":29,"href":"https:\/\/xn--hrningborgerforening-bcc.dk\/index.php\/wp-json\/wp\/v2\/pages\/42\/revisions"}],"predecessor-version":[{"id":1344,"href":"https:\/\/xn--hrningborgerforening-bcc.dk\/index.php\/wp-json\/wp\/v2\/pages\/42\/revisions\/1344"}],"wp:attachment":[{"href":"https:\/\/xn--hrningborgerforening-bcc.dk\/index.php\/wp-json\/wp\/v2\/media?parent=42"}],"curies":[{"name":"wp","href":"https:\/\/api.w.org\/{rel}","templated":true}]}}