{"id":1321,"date":"2026-04-24T11:18:34","date_gmt":"2026-04-24T11:18:34","guid":{"rendered":"https:\/\/xn--hrningborgerforening-bcc.dk\/?page_id=1321"},"modified":"2026-04-24T11:42:42","modified_gmt":"2026-04-24T11:42:42","slug":"generalforsamling-2026-formandens-beretning","status":"publish","type":"page","link":"https:\/\/xn--hrningborgerforening-bcc.dk\/index.php\/generalforsamling-2026-formandens-beretning\/","title":{"rendered":"Generalforsamling 2026 &#8211; Formandens beretning"},"content":{"rendered":"\n<div class=\"wp-block-media-text has-media-on-the-right is-stacked-on-mobile\" style=\"grid-template-columns:auto 18%\"><div class=\"wp-block-media-text__content\">\n<p><strong>&#8220;Velkommen til generalforsamling 2026.<\/strong><\/p>\n\n\n\n<p>If\u00f8lge vedt\u00e6gternes \u00a7 10 er formanden dirigent ved generalforsamlingen.<\/p>\n\n\n\n<p>Referent: Sekret\u00e6r, Thomas W Larsen foresl\u00e5s.<\/p>\n<\/div><figure class=\"wp-block-media-text__media\"><img loading=\"lazy\" decoding=\"async\" width=\"640\" height=\"437\" src=\"https:\/\/xn--hrningborgerforening-bcc.dk\/wp-content\/uploads\/2026\/04\/Formandens-beretning.jpg\" alt=\"\" class=\"wp-image-1332 size-full\" srcset=\"https:\/\/xn--hrningborgerforening-bcc.dk\/wp-content\/uploads\/2026\/04\/Formandens-beretning.jpg 640w, https:\/\/xn--hrningborgerforening-bcc.dk\/wp-content\/uploads\/2026\/04\/Formandens-beretning-300x205.jpg 300w, https:\/\/xn--hrningborgerforening-bcc.dk\/wp-content\/uploads\/2026\/04\/Formandens-beretning-100x68.jpg 100w\" sizes=\"auto, (max-width: 640px) 100vw, 640px\" \/><\/figure><\/div>\n\n\n\n<p>Som det fremg\u00e5r af vedt\u00e6gterne, skal generalforsamlingen varsles med 8 dage f\u00f8r generalforsamlingens afholdelse jvf. \u00a7 14.<\/p>\n\n\n\n<p>Det blev vedtaget p\u00e5 sidste \u00e5rs generalforsamling, at al information skulle ske via H\u00f8rning Borgerforenings hjemmeside. Indvarslingen er sket p\u00e5 foreningens hjemmeside torsdag den 8\/4 2026, samt som obs i den, sammen med kontinget opkr\u00e6vningen, omdelte medlemsskrivelse.<\/p>\n\n\n\n<p>Den er ogs\u00e5 &nbsp;annonceret p\u00e5 H\u00f8rning Kalenderen.<\/p>\n\n\n\n<p>S\u00e5 den side af sagen er overholdt.<\/p>\n\n\n\n<p>Hvis der ikke er indvendinger, betragtes generalforsamlingen som v\u00e6rende lovlig og dermed beslutningsdygtig.<\/p>\n\n\n\n<p>f\u00f8lge vedt\u00e6gternes \u00a7 11 skal generalforsamlingen afholdes i april, med f\u00f8lgende dagsorden:<\/p>\n\n\n\n<ol start=\"1\" class=\"wp-block-list\">\n<li>Formandens\/bestyrelsens beretning.<\/li>\n\n\n\n<li>Freml\u00e6ggelse af regnskab.<\/li>\n\n\n\n<li>Valg af bestyrelse og suppleant:<\/li>\n<\/ol>\n\n\n\n<ul class=\"wp-block-list\">\n<li>       P\u00e5 valg er: Knud Erik Johansen, og Gert Johansen. Begge modtager genvalg?<\/li>\n\n\n\n<li>       Suppleant Henning Rasmussen. Modtager genvalg?<\/li>\n<\/ul>\n\n\n\n<ol start=\"4\" class=\"wp-block-list\">\n<li>Valg af revisor.<\/li>\n\n\n\n<li>Indkomne forslag.<\/li>\n\n\n\n<li>Fasts\u00e6ttelse af kontingent for \u00e5ret 2026.<\/li>\n\n\n\n<li>Eventuelt.<\/li>\n<\/ol>\n\n\n\n<p>Er der kommentarer til dagsordenen?<\/p>\n\n\n\n<p>Hvis ikke g\u00e5r vi over til beretningen.<\/p>\n\n\n\n<p>Beretning \u00e5ret 2025:<\/p>\n\n\n\n<p>\u00c5ret 2025 har ikke budt p\u00e5 de helt store udfordringer\/opgaver.<\/p>\n\n\n\n<p>Vi starter \u00e5ret, som vi plejer med flaghejsning for konfirmander, Kongens f\u00f8dselsdag og Valdemars dag.<\/p>\n\n\n\n<p>Hen over sommeren f\u00e5r vi containeren p\u00e5 plads nede p\u00e5 K\u00e6rvej. Tak til Jakob Skov for at stilleplads til r\u00e5dighed, vi f\u00e5r t\u00f8mt Elta, senere, f\u00f8rst i januar 26 f\u00e5r vi ryddet garagen for flagst\u00e6nger mv.<\/p>\n\n\n\n<p>Det gik nemmere med at skubbe traileren ind i containeren, end jeg havde regnet med.<\/p>\n\n\n\n<p>Bowlingturen gik som den plejer, men med vigende tilslutning.<\/p>\n\n\n\n<p>I nov. afholdtes det \u00e5rlige bankospil p\u00e5 r\u00e5dhusloftet, ca. det samme antal g\u00e6ster\/spillere som normalt.<\/p>\n\n\n\n<p>To flotte juletr\u00e6er p\u00e5 torvet og ved kirken blev rejst og pyntet midt i nov. Nedtaget lige f\u00f8r nyt\u00e5rsaften.<\/p>\n\n\n\n<p>\u201dJul i H\u00f8rning\u201d udkommer m\u00e5ske for sidste gang.<\/p>\n\n\n\n<p>Ligeledes H\u00f8rning Kalenderen.<\/p>\n\n\n\n<p>Stor tak til redaktionen for det endnu engang flotte blad. Tak til Knud Erik for H\u00f8rning Kalenderen.<\/p>\n\n\n\n<p>Foreningen deltog atter i julearrangementet i Borgernes Hus i H\u00e5rby og Pr\u00e6stehaven, eller hvad det nu hedder, f\u00f8rst i januar<strong>.<\/strong><\/p>\n\n\n\n<p>Der er afholdt to bestyrelsesm\u00f8der, og et par gange har der v\u00e6ret lidt telefonsnak om dette og hint.<\/p>\n\n\n\n<p>Ved en lille komsammen den 7. marts 2026 blev foreningens mange\u00e5rige formand Flemming Sondrup udn\u00e6vnt til \u00e6resmedlem af H\u00f8rning Borgerforening. Flemming har v\u00e6ret medlem af H\u00f8rning Borgerforening i 42 \u00e5r, heraf st\u00f8rstedelen som formand, har v\u00e6ret den kreative omkring telegrammer til konfirmanderne og den \u00e5rlige medlemsskrivelse.<\/p>\n\n\n\n<p>Sidst men ikke mindst stor tak til alle, der har deltaget i foreningens liv og virke.<\/p>\n\n\n\n<p>Tak til bestyrelsen. Og hermed overlader jeg beretningen til generalforsamlingen.&#8221;<\/p>\n\n\n\n<p>Formand <\/p>\n\n\n\n<p><em><strong>Flemming Petersen<\/strong><\/em><\/p>\n\n\n\n<p><\/p>\n","protected":false},"excerpt":{"rendered":"<p>&#8220;Velkommen til generalforsamling 2026. If\u00f8lge vedt\u00e6gternes \u00a7 10 er formanden dirigent ved generalforsamlingen. Referent: Sekret\u00e6r, Thomas W Larsen foresl\u00e5s. Som det fremg\u00e5r af vedt\u00e6gterne, skal generalforsamlingen varsles med 8 dage f\u00f8r generalforsamlingens afholdelse jvf. \u00a7 14. Det blev vedtaget p\u00e5 sidste \u00e5rs generalforsamling, at al information skulle ske via H\u00f8rning Borgerforenings hjemmeside. Indvarslingen er sket [&hellip;]<\/p>\n","protected":false},"author":1,"featured_media":0,"parent":0,"menu_order":0,"comment_status":"closed","ping_status":"closed","template":"","meta":{"_monsterinsights_skip_tracking":false,"_monsterinsights_sitenote_active":false,"_monsterinsights_sitenote_note":"","_monsterinsights_sitenote_category":0,"footnotes":""},"class_list":["post-1321","page","type-page","status-publish","hentry"],"aioseo_notices":[],"_links":{"self":[{"href":"https:\/\/xn--hrningborgerforening-bcc.dk\/index.php\/wp-json\/wp\/v2\/pages\/1321","targetHints":{"allow":["GET"]}}],"collection":[{"href":"https:\/\/xn--hrningborgerforening-bcc.dk\/index.php\/wp-json\/wp\/v2\/pages"}],"about":[{"href":"https:\/\/xn--hrningborgerforening-bcc.dk\/index.php\/wp-json\/wp\/v2\/types\/page"}],"author":[{"embeddable":true,"href":"https:\/\/xn--hrningborgerforening-bcc.dk\/index.php\/wp-json\/wp\/v2\/users\/1"}],"replies":[{"embeddable":true,"href":"https:\/\/xn--hrningborgerforening-bcc.dk\/index.php\/wp-json\/wp\/v2\/comments?post=1321"}],"version-history":[{"count":8,"href":"https:\/\/xn--hrningborgerforening-bcc.dk\/index.php\/wp-json\/wp\/v2\/pages\/1321\/revisions"}],"predecessor-version":[{"id":1334,"href":"https:\/\/xn--hrningborgerforening-bcc.dk\/index.php\/wp-json\/wp\/v2\/pages\/1321\/revisions\/1334"}],"wp:attachment":[{"href":"https:\/\/xn--hrningborgerforening-bcc.dk\/index.php\/wp-json\/wp\/v2\/media?parent=1321"}],"curies":[{"name":"wp","href":"https:\/\/api.w.org\/{rel}","templated":true}]}}

<div class="wp-block-media-text has-media-on-the-right is-stacked-on-mobile" style="grid-template-columns:auto 18%"><div class="wp-block-media-text__content">
<p><strong>&#8220;Velkommen til generalforsamling 2026.</strong></p>



<p>Ifølge vedtægternes § 10 er formanden dirigent ved generalforsamlingen.</p>



<p>Referent: Sekretær, Thomas W Larsen foreslås.</p>
</div><figure class="wp-block-media-text__media"><img loading="lazy" decoding="async" width="640" height="437" src="https://xn--hrningborgerforening-bcc.dk/wp-content/uploads/2026/04/Formandens-beretning.jpg" alt="" class="wp-image-1332 size-full" srcset="https://xn--hrningborgerforening-bcc.dk/wp-content/uploads/2026/04/Formandens-beretning.jpg 640w, https://xn--hrningborgerforening-bcc.dk/wp-content/uploads/2026/04/Formandens-beretning-300x205.jpg 300w, https://xn--hrningborgerforening-bcc.dk/wp-content/uploads/2026/04/Formandens-beretning-100x68.jpg 100w" sizes="auto, (max-width: 640px) 100vw, 640px" /></figure></div>



<p>Som det fremgår af vedtægterne, skal generalforsamlingen varsles med 8 dage før generalforsamlingens afholdelse jvf. § 14.</p>



<p>Det blev vedtaget på sidste års generalforsamling, at al information skulle ske via Hørning Borgerforenings hjemmeside. Indvarslingen er sket på foreningens hjemmeside torsdag den 8/4 2026, samt som obs i den, sammen med kontinget opkrævningen, omdelte medlemsskrivelse.</p>



<p>Den er også &nbsp;annonceret på Hørning Kalenderen.</p>



<p>Så den side af sagen er overholdt.</p>



<p>Hvis der ikke er indvendinger, betragtes generalforsamlingen som værende lovlig og dermed beslutningsdygtig.</p>



<p>følge vedtægternes § 11 skal generalforsamlingen afholdes i april, med følgende dagsorden:</p>



<ol start="1" class="wp-block-list">
<li>Formandens/bestyrelsens beretning.</li>



<li>Fremlæggelse af regnskab.</li>



<li>Valg af bestyrelse og suppleant:</li>
</ol>



<ul class="wp-block-list">
<li>       På valg er: Knud Erik Johansen, og Gert Johansen. Begge modtager genvalg?</li>



<li>       Suppleant Henning Rasmussen. Modtager genvalg?</li>
</ul>



<ol start="4" class="wp-block-list">
<li>Valg af revisor.</li>



<li>Indkomne forslag.</li>



<li>Fastsættelse af kontingent for året 2026.</li>



<li>Eventuelt.</li>
</ol>



<p>Er der kommentarer til dagsordenen?</p>



<p>Hvis ikke går vi over til beretningen.</p>



<p>Beretning året 2025:</p>



<p>Året 2025 har ikke budt på de helt store udfordringer/opgaver.</p>



<p>Vi starter året, som vi plejer med flaghejsning for konfirmander, Kongens fødselsdag og Valdemars dag.</p>



<p>Hen over sommeren får vi containeren på plads nede på Kærvej. Tak til Jakob Skov for at stilleplads til rådighed, vi får tømt Elta, senere, først i januar 26 får vi ryddet garagen for flagstænger mv.</p>



<p>Det gik nemmere med at skubbe traileren ind i containeren, end jeg havde regnet med.</p>



<p>Bowlingturen gik som den plejer, men med vigende tilslutning.</p>



<p>I nov. afholdtes det årlige bankospil på rådhusloftet, ca. det samme antal gæster/spillere som normalt.</p>



<p>To flotte juletræer på torvet og ved kirken blev rejst og pyntet midt i nov. Nedtaget lige før nytårsaften.</p>



<p>”Jul i Hørning” udkommer måske for sidste gang.</p>



<p>Ligeledes Hørning Kalenderen.</p>



<p>Stor tak til redaktionen for det endnu engang flotte blad. Tak til Knud Erik for Hørning Kalenderen.</p>



<p>Foreningen deltog atter i julearrangementet i Borgernes Hus i Hårby og Præstehaven, eller hvad det nu hedder, først i januar<strong>.</strong></p>



<p>Der er afholdt to bestyrelsesmøder, og et par gange har der været lidt telefonsnak om dette og hint.</p>



<p>Ved en lille komsammen den 7. marts 2026 blev foreningens mangeårige formand Flemming Sondrup udnævnt til æresmedlem af Hørning Borgerforening. Flemming har været medlem af Hørning Borgerforening i 42 år, heraf størstedelen som formand, har været den kreative omkring telegrammer til konfirmanderne og den årlige medlemsskrivelse.</p>



<p>Sidst men ikke mindst stor tak til alle, der har deltaget i foreningens liv og virke.</p>



<p>Tak til bestyrelsen. Og hermed overlader jeg beretningen til generalforsamlingen.&#8221;</p>



<p>Formand </p>



<p><em><strong>Flemming Petersen</strong></em></p>



<p></p>

<p>&#8220;Velkommen til generalforsamling 2026. Ifølge vedtægternes § 10 er formanden dirigent ved generalforsamlingen. Referent: Sekretær, Thomas W Larsen foreslås. Som det fremgår af vedtægterne, skal generalforsamlingen varsles med 8 dage før generalforsamlingens afholdelse jvf. § 14. Det blev vedtaget på sidste års generalforsamling, at al information skulle ske via Hørning Borgerforenings hjemmeside. Indvarslingen er sket [&hellip;]</p>
